6*b - 23. Determine o(8).
57
Let v(i) = -i**2 + 4*i + 57. Give v(11).
-20
Let f(x) = 2*x**3 + 3*x**2 + 7*x + 4. Give f(-4).
-104
Let o(d) = 11*d**2 - 2*d + 3. Calculate o(2).
43
Let s(b) = -b**3 - 5*b**2 + 8*b + 5. Give s(-7).
47
Let u(i) = 2*i + 5. Determine u(-11).
-17
Let c(a) = -a + 25. Determine c(13).
12
Let f(s) = -8*s - 29. Calculate f(9).
-101
Let r(n) = -n**2 + 13*n + 159. Determine r(21).
-9
Let g(c) = 6*c**2 - 37*c + 4. Determine g(6).
-2
Let v(b) = b**2 + 3*b - 63. What is v(7)?
7
Let f(k) = -k - 1. Determine f(2).
-3
Let y(b) = -b**3 + 22*b**2 + 45*b + 4. What is y(24)?
-68
Let a(l) = -l**3 - 2*l**2 + 6*l + 5. What is a(-5)?
50
Let k(n) = -6*n**2 - n + 1. Give k(1).
-6
Let b(o) = -2*o**2 - 9*o - 13. Determine b(-7).
-48
Let a(u) = 10*u**2 - 155*u - 155. Give a(-1).
10
Let q(d) = d**3 - 8*d**2 - d. Give q(8).
-8
Let j(z) = -z**3 - 10*z**2 - 10*z - 3. Give j(-9).
6
Let a(s) = 14*s - 53. Determine a(4).
3
Let w(y) = -y**3 - 15*y**2 + 55*y + 9. Give w(-18).
-9
Let g(p) = p**3 - 10*p**2 + 16*p + 11. What is g(10)?
171
Let o(q) = -q**2 + 14*q - 19. Determine o(13).
-6
Let n(m) = -m**3 + 20*m**2 + 70*m - 32. Calculate n(23).
-9
Let a(z) = z + 25. Give a(-17).
8
Let h(o) = -o. Calculate h(2).
-2
Let p(u) = -u**3 - 4*u**2 - u + 4. What is p(-2)?
-2
Let g(z) = 2*z + 2. What is g(10)?
22
Let s(o) = 2*o**2 + 44*o + 176. What is s(-17)?
6
Let m(x) = x**2 - 6*x - 4. Determine m(7).
3
Let r(x) = -27*x**2 + x. Determine r(1).
-26
Let g(s) = 107*s**3 - 2*s**2 - 2*s - 1. Calculate g(-1).
-108
Let c(m) = -2*m - 17. Give c(23).
-63
Let f(r) = -6*r - 14. Give f(6).
-50
Let l(z) = z**3 + 4*z**2 + z. Determine l(-3).
6
Let k(x) = 2*x + 25. What is k(-10)?
5
Let a(p) = -34*p - 20. Give a(-1).
14
Let k(u) = u**2 - 5*u - 22. Determine k(9).
14
Let f(l) = 3*l**2 + 13*l + 6. Calculate f(-4).
2
Let q(x) = -x**3 - 21*x**2 + 22*x - 3. What is q(-22)?
-3
Let a(b) = -45*b**2 + 2*b + 1. Calculate a(-1).
-46
Let m(q) = -q**3 - 5*q**2 + 7*q. What is m(-6)?
-6
Let b(y) = -4*y - 23. Determine b(-7).
5
Let l(j) = -j**2 - 5*j + 6. What is l(-6)?
0
Let o(u) = u - 19. Calculate o(7).
-12
Let v(s) = s**2 + 16*s - 1. Determine v(-16).
-1
Let s(y) = -y**3 + 3*y**2 - 5*y + 6. Determine s(2).
0
Let k(r) = -r**3 - 13*r**2 + r + 42. Determine k(-13).
29
Let l(r) = r**3 - 27*r**2 - 87*r - 91. Give l(30).
-1
Let c(m) = -111*m - 894. Give c(-8).
-6
Let n(s) = -9*s + 22. Give n(4).
-14
Let f(m) = -2*m**3 - 4*m**2 - 3*m - 2. What is f(-3)?
25
Let p(q) = -q**3 + 5*q**2 - 7*q + 4. Determine p(4).
-8
Let v(i) = -i - 2. Calculate v(-4).
2
Let b(w) = w**3 + 8*w**2 - 9*w - 3. Calculate b(-9).
-3
Let y(f) = f**2 - 2*f. What is y(1)?
-1
Let k(n) = -n**2 - 26*n - 51. Calculate k(-24).
-3
Let s(t) = -t**2 + 5. Determine s(3).
-4
Let w(g) = 7*g + 44. Give w(-6).
2
Let r(q) = -q**2 + 13*q - 4. Calculate r(9).
32
Let r(j) = j**2 - 9*j + 3. Give r(0).
3
Let c(r) = -r**3 - 4*r**2 + 10*r + 13. Calculate c(-6).
25
Let v(k) = 4*k + 32. Determine v(-9).
-4
Let k(a) = -a - 21. What is k(-16)?
-5
Let t(o) = 3*o**2 - 22*o + 23. Calculate t(7).
16
Let f(q) = -5*q - 23. Determine f(-14).
47
Let z(y) = y**2 + 8*y. Give z(-8).
0
Let s(l) = 3*l - 8. Determine s(-3).
-17
Let z(m) = -52*m - 457. Calculate z(-9).
11
Let g(u) = -14*u + 41. Calculate g(3).
-1
Let f(c) = c**2 - 4*c - 6. What is f(10)?
54
Let z(i) = 21*i**3 + i**2 - 2*i - 2. What is z(-1)?
-20
Let o(m) = -m**3 - 9*m**2 - 20*m - 1. What is o(-6)?
11
Let c(h) = h**2 - 8*h - 3. What is c(8)?
-3
Let k(j) = 15*j**3 + 2*j**2 + 2*j + 1. What is k(-1)?
-14
Let h(j) = -4*j**3 - 2*j**2 + 4*j + 7. Determine h(-2).
23
Let v(y) = y + 18. Determine v(-11).
7
Let s(m) = -m**2 - 30*m + 27. Determine s(-32).
-37
Let g(u) = u**3 - 18*u**2 + 66*u - 11. Determine g(13).
2
Let j(s) = 23*s**2 + s + 1. Give j(-1).
23
Let r(q) = 4*q**2 - 27*q - 12. Give r(7).
-5
Let h(n) = -n**3 + 4*n**2 - 3*n + 2. Calculate h(3).
2
Let n(y) = -y + 10. Give n(10).
0
Let y(b) = -b**2 + 8*b - 19. Calculate y(6).
-7
Let d(w) = w**3 + 4*w**2 - 10*w - 23. Determine d(-7).
-100
Let a(x) = x**3 + 31*x**2 + 25*x - 150. Calculate a(-30).
0
Let j(t) = 11*t + 81. Give j(-7).
4
Let g(u) = -16*u - 71. What is g(-7)?
41
Let z(u) = u**2 - 6*u + 8. Calculate z(6).
8
Let f(a) = -a**3 - 11*a**2 - 3*a - 3. Calculate f(-11).
30
Let j(r) = 4*r - 13. Give j(5).
7
Let x(t) = -t**2 - 5*t + 124. Give x(9).
-2
Let d(s) = -3*s + 34. Calculate d(14).
-8
Let p(y) = 6*y - 11. Give p(2).
1
Let l(r) = 145*r - 154. What is l(1)?
-9
Let m(i) = -i**3 - 3*i**2 + 3*i + 5. Determine m(-3).
-4
Let s(j) = 4*j**2 - 32*j - 5. Give s(8).
-5
Let i(x) = -2*x**2 + 3*x. Give i(-3).
-27
Let n(f) = f**2 + 3*f + 14. Give n(-6).
32
Let v(m) = m**3 + 3*m**2 + 6*m + 2. Determine v(-4).
-38
Let p(x) = x - 32. Determine p(11).
-21
Let a(l) = l**3 - 32*l**2 - l + 23. Calculate a(32).
-9
Let y(m) = -m**3 - 13*m**2 - 30*m - 4. Give y(-10).
-4
Let u(n) = n**3 - 10*n**2 + 4*n + 4. Calculate u(9).
-41
Let k(h) = -h**3 - 24*h**2 - 20*h + 45. Give k(-23).
-24
Let v(x) = 2*x**2 - 7*x + 10. Determine v(2).
4
Let r(k) = -k - 9. Determine r(7).
-16
Let a(r) = 17*r - 48. Determine a(4).
20
Let p(s) = 4*s - 52. Calculate p(11).
-8
Let c(r) = -r**2 - r + 9. Determine c(0).
9
Let w(u) = u + 2. What is w(9)?
11
Let q(p) = p**3 + 5*p**2 + 6*p + 5. Determine q(-4).
-3
Let c(q) = -q**3 + 4*q**2 + 7*q + 2. Give c(6).
-28
Let c(w) = w**3 - 14*w**2 + 42*w - 2. Determine c(10).
18
Let b(h) = -h**3 + 7*h**2 - 6*h + 7. Determine b(5).
27
Let j(b) = -b**2 - 27*b - 139. Determine j(-7).
1
Let t(n) = -n**2 + 49. What is t(-7)?
0
Let g(i) = -7*i - 16. What is g(6)?
-58
Let r(i) = -3*i**2 - i + 1. Determine r(1).
-3
Let g(p) = -14*p**3 - p - 1. What is g(-1)?
14
Let w(c) = c**3 + 5*c**2 + 6*c + 5. Determine w(-4).
-3
Let o(g) = -11*g**2 + g - 1. Give o(1).
-11
Let x(f) = -f - 34. What is x(8)?
-42
Let p(x) = x**3 + x**2 + x - 1. Give p(0).
-1
Let y(r) = 15*r**2 + 270*r - 3. Give y(-18).
-3
Let a(r) = -21*r**2 - 606*r + 82. Determine a(-29).
-5
Let q(z) = -z**3 - 7*z**2 + 2*z + 6. What is q(-7)?
-8
Let q(z) = z**3 + 8*z**2 + 12*z + 16. Calculate q(-8).
-80
Let j(a) = -6*a + 1. Calculate j(3).
-17
Let q(y) = -y**3 - 10*y**2 - 6. Determine q(-10).
-6
Let i(a) = 2*a - 1. Determine i(8).
15
Let b(d) = -39*d + 916. Calculate b(24).
-20
Let i(o) = -o**3 - 5*o**2 + 4*o + 9. Calculate i(-5).
-11
Let j(n) = 6*n - 2. What is j(-4)?
-26
Let h(y) = y**3 - 8*y**2 + 13*y - 12. What is h(6)?
-6
Let s(t) = t**3 + 13*t**2 + 7*t + 8. Determine s(-12).
68
Let o(i) = -14*i + 5. What is o(4)?
-51
Let z(m) = -m**3 - 9*m**2 - 6. Calculate z(-9).
-6
Let r(d) = d**2 - 8*d + 4. Give r(7).
-3
Let j(u) = -u**2 + 9. Calculate j(0).
9
Let m(d) = -d**2 - 9*d - 11. What is m(-10)?
-21
Let z(j) = 32*j + 35. Give z(-1).
3
Let v(n) = -n**2 - 16*n - 18. Give v(-10).
42
Let y(l) = -24*l - 1337. Determine y(-56).
7
Let m(j) = j**2 - j - 49. Give m(0).
-49
Let r(w) = -10*w - 59. Calculate r(-7).
11
Let b(q) = 2*q**3 + 8*q**2 + q + 4. What is b(-4)?
0
Let d(l) = -78*l - 82. Give d(-1).
-4
Let x(t) = 2*t**2 + 13*t - 125. Give x(7).
64
Let j(s) = s**2 + 8*s + 13. Give j(-8).
13
Let n(j) = j**2 + 5*j - 10. Calculate n(-6).
-4
Let f(g) = 6*g - 9. What is f(7)?
33
Let t(z) = z**3 + 5*z**2 + 6*z + 1. Give t(-5).
-29
Let n(w) = 20*w + 7. Calculate n(3).
67
Let r(j) = -3*j**3 + j**2 - j + 2. Calculate r(2).
-20
Let y(m) = 6*m + 22. Give y(-9).
-32
Let z(f) = -f**3 - f**2 + f - 6. What is z(0)?
-6
Let n(z) = -4*z - 170. What is n(-40)?
-10
Let u(o) = o**2 - 22*o - 18. What is u(23)?
5
Let z(y) = 2*y - 7. Determine z(4).
1
Let c(y) = 7*y. Determine c(1).
7
Let r(d) = -3*d**2 + 8*d + 22. What is r(5)?
-13
Let b(q) = q**3 + 8*q**2 + q - 6. Determine b(-8).
-14
Let p(x) = 12*x + 20. Give p(-7).
-64
Let z(n) = 75*n**3 - 2*n**2 + n. Determine z(1).
74
Let d(v) = -v**2 - 11*v + 5. Calculate d(-8).
29
Let o(k) = 24*k - 89. Give o(4).
7
Let r(u) = -2*u**3 + 8*u**2 + 5*u + 6. Calculate r(5).
-19
Let w(n) = -n**2 + 4*n + 4. What is w(-2)?
-8
Let a(s) = -5*s + 2. What is a(3)?
-13
Let x(q) = 6*q - 13. What is x(-6)?
-49
Let v(u) = -u**3 - 8*u**2 - 4*u - 32. Give v(-8).
0
Let c(i) = -5*i - 8. Give c(-1).
-3
Let b(g) = -g**3 + 9*g**2 - 10*g - 8. Give b(8).
-24
Let l(m) = m**3 + 5*m**2 + m - 4. What is l(-4)?
8
Let o(w) = 30*w**3 - 